hat is the highest common factor of t and q?
6
Let p(s) = -6*s. Let j be p(1). Let h be ((-4)/(-6))/(j/(-180)). Calculate the greatest common factor of h and 4.
4
Let h(q) = 9*q**2. Let p be h(-4). Let y = 1 - -35. Let a be (y/8)/((-1)/(-4)). What is the greatest common divisor of a and p?
18
Suppose 0 = -3*f + 5*f - 58. Calculate the highest common factor of 261 and f.
29
Let g(p) = p**3 - 4*p**2 + 3*p - 3. Let a be g(4). Let q be 12/9*a/6. Suppose 4*h = 5*r + 26, h = -r - 0 + q. Calculate the greatest common factor of h and 4.
4
Let m(d) = -d**2 - 2*d. Let r be m(-2). Suppose -4*i + 0 + 12 = r. Calculate the greatest common factor of i and 3.
3
Suppose -2*o + 51 = -g, 3*g + 234 = -2*g + 3*o. Let r be (g/6)/(1/(-10)). Suppose 0*d = 3*d - r. Calculate the greatest common factor of 5 and d.
5
Let w = 49 + -43. Suppose -5*j + 9 = -j - 5*k, 3*k = 3*j - 9. What is the greatest common divisor of w and j?
6
Let a = -369 - -666. Let o = a + -157. Calculate the highest common divisor of o and 56.
28
Let h = 48 - 26. Suppose -h = -5*a - 3*w + 4*w, -3*a + 3 = -4*w. Let t = 31 - 30. Calculate the greatest common divisor of a and t.
1
Let k = -54 - -75. Let l be 3/5 + (-242)/(-55). Let x(i) = 14*i - 7. Let w be x(l). Calculate the greatest common divisor of k and w.
21
Let d(t) = t**3 + 8*t**2 - t - 5. Let x be d(-8). Suppose 0 = -7*a + x*a - 8, -4*b + a = -98. What is the greatest common factor of b and 6?
6
Suppose -3*k - 15 - 6 = 0. Let v = k - -21. What is the highest common factor of v and 126?
14
Let h(z) = z**2 + 39. Let m be h(0). Suppose 3*o - 58 = 20. What is the highest common factor of m and o?
13
Let u = 5 - 1. Let p be 112 - (u - (1 + 1)). Let b = -20 + 30. Calculate the highest common factor of b and p.
10
Suppose 0 = -14*k + 7*k + 63. Let f = -1 + 46. Calculate the highest common divisor of f and k.
9
Let p(i) = 44*i - 6. Let w be p(3). Calculate the highest common factor of 14 and w.
14
Suppose 3*x + 5*s - 255 = 0, s = x - 3*x + 163. Let l be (-8)/(-10)*(-30)/(-4). Let b be 1 + l/(-2) + 10. Calculate the highest common factor of b and x.
8
Let g = -4 - -6. Suppose -3*l = 3*k + 6, 27 = -4*k + 7. Suppose 43 = l*u + a, -2*u + a + 31 = 4*a. Calculate the greatest common divisor of g and u.
2
Let s(r) = 3*r - 29. Let g be s(12). Calculate the greatest common factor of g and 21.
7
Let p(n) = -14*n - 4. Let q be p(6). Let s be q/(-12) - (-2)/3. Let y be (s/6)/((-1)/(-6)). Calculate the greatest common divisor of y and 2.
2
Suppose 0 = 3*u - 304 - 8. Calculate the greatest common factor of 8 and u.
8
Let p = 9 - 6. Suppose 0 = -p*u - 5*k + 68, 3*u = 7*k - 4*k + 84. Calculate the greatest common divisor of 26 and u.
26
Let q(b) = -b**3 - 6*b**2 - 14*b - 5. Let p be q(-9). Calculate the highest common divisor of 52 and p.
52
Suppose 6*s + 7 = 13*s. Let o be (9/(2/2))/1. What is the greatest common factor of s and o?
1
Let x be 2*5*(5 + -2). Let p(v) = 2*v**2. Let o be p(1). Suppose 0 = -o*h - h + 30. What is the highest common divisor of x and h?
10
Suppose 4 + 11 = 5*a. What is the greatest common factor of 3 and a?
3
Suppose 256 = -t + 5*t. Calculate the highest common factor of 8 and t.
8
Let c(x) = x**2 - 2*x + 1. Let b be c(7). Calculate the greatest common factor of 18 and b.
18
Let i = -33 - -55. Let j = 32 + -17. Let y = i - j. Calculate the highest common divisor of 63 and y.
7
Let t(s) = 17*s - 4. Let n be t(5). Suppose 3*v + 3*d = 0, 3*v = -2*v + 4*d + 27. Let g be 25/v - 2/(-3). What is the highest common divisor of n and g?
9
Let b = -180 - -214. Calculate the greatest common divisor of 306 and b.
34
Let r(y) = -3*y**2 + 18*y - 1. Let q be r(4). What is the highest common factor of q and 46?
23
Suppose 3 = 5*n - 17. Suppose -4*c + n = -68. Suppose j + 0*j - 3*u = c, -58 = -4*j + 5*u. What is the greatest common divisor of 48 and j?
12
Suppose 0*f + 120 = 5*f. Let h be 18*(-40)/84*-7. What is the highest common factor of h and f?
12
Let b = 1 - 0. Calculate the highest common factor of b and 1.
1
Suppose -16 = m + 2*o, -4*m = -2*o + 12 + 12. Let g be m/18*6*-3. Let s be 4/g - 94/(-4). Calculate the highest common factor of s and 12.
12
Let b be 10/(-1)*(4 + -7). Suppose 45 = z - b. Suppose -4*j + 73 + 3 = 4*d, -83 = -5*d - 2*j. What is the greatest common factor of z and d?
15
Suppose 5 = m + 2. Suppose 3*p = 4*p + 3*r - 26, 3*r = m*p - 30. Calculate the greatest common factor of 98 and p.
14
Let u(t) = 17*t**2 + t. Let j be u(2). Calculate the greatest common divisor of 105 and j.
35
Let u be (-1)/2 - -1 - (-3)/6. Calculate the highest common divisor of 8 and u.
1
Suppose -5 + 13 = 4*h. Suppose -3*i = 6, 0*j + h*j = 5*i + 20. Suppose 11 = d - 24. Calculate the highest common factor of j and d.
5
Let y = 55 + -44. What is the highest common divisor of y and 1?
1
Suppose 2*d - 15 = -u + d, -u + 14 = 2*d. Suppose l = -3*h - 2*l + 120, 4*h = -5*l + 160. Calculate the highest common divisor of h and u.
8
Let g be (10/4)/(2 + (-59)/30). What is the greatest common factor of g and 50?
25
Let a(f) = f**2 - 16*f + 6. Let t be a(16). What is the greatest common factor of 18 and t?
6
Suppose 0 = w + 3*b, -8 = -2*w - 5*b + 3*b. Let m(g) = g**2 - 8*g + 2. Let a be m(w). Let i be a/(-14) - 2/(-7). Calculate the highest common factor of 5 and i.
1
Suppose 6 = -4*b + 5*h - 1, 10 = 2*b + 2*h. Suppose 193 + 97 = 2*p + u, -b*p + 270 = -4*u. What is the highest common divisor of 13 and p?
13
Let i = 188 - 76. Calculate the greatest common divisor of 16 and i.
16
Let l(j) = 2*j**2 - 6*j + 4. Let k be l(8). What is the greatest common divisor of k and 12?
12
Let j be (-1)/2*2 + -1. Let f be ((-1)/j)/(2/364). Suppose 6*b - 2*b = 52. What is the highest common divisor of f and b?
13
Let o(q) = q**3 + 2*q - 2. Let m be o(2). Suppose 3*d - 2 = 43. What is the highest common divisor of m and d?
5
Let v be ((-19)/76)/(1/(-60)). Calculate the highest common factor of v and 255.
15
Let f be (-55 + -5)*((-1)/3 - 1). Calculate the highest common factor of 5 and f.
5
Let k(w) = -2 + 5*w + 5 - 1 + w**2. Let v be k(-5). What is the greatest common divisor of v and 20?
2
Suppose -3*l = -42 - 129. Let n be -2 + 2 + 31 + 0. Let f = l - n. Calculate the greatest common factor of 39 and f.
13
Let d = 9 - 5. Suppose 4 = d*o + 2*p, 0 = -3*o - 2*o - 3*p + 7. Let x be o/(3/(-15)) + -1. What is the highest common divisor of 32 and x?
4
Let m(u) = -u**3 + 7*u**2 - u - 5. Let w be m(5). Suppose p + w = 5*p. Suppose -2*v - p = -b, 5*b + 4*v - 76 = b. What is the greatest common factor of 4 and b?
4
Suppose 4*r = 5*y + 118, -3*y = 6*r - 3*r - 102. What is the highest common divisor of 4 and r?
4
Let z(s) = s**3 - 6*s**2 + 2*s - 10. Let i be z(6). Suppose -i*f = -4 - 16. Calculate the greatest common divisor of f and 10.
10
Let n(s) = s**3 - 4*s**2 + s + 2. Let a be n(-3). Let y = a + 139. What is the highest common divisor of 15 and y?
15
Let j = 5 + -3. Suppose 4*n - 17 = -3*w, 4*n - 3 = w + 2. Suppose -w*b = j*b - 120. Calculate the greatest common divisor of 48 and b.
24
Let i be 3 - (0 - -3*8/(-12)). What is the highest common factor of 25 and i?
5
Let f(h) = 7*h + 27. Let b be f(3). What is the highest common divisor of 16 and b?
16
Suppose -4*m + 240 = 4*x - 136, 5*x = 15. Let o(b) = 15*b - 2. Let y be o(1). Calculate the greatest common divisor of m and y.
13
Let m = 3 - -1. Suppose 3*u - z - 116 = 0, m*z + z = 3*u - 100. Suppose -3*c + 139 - 124 = 0. What is the highest common divisor of u and c?
5
Suppose 2*s = s + 8. Let y be (-9)/(-5) + 6/30. What is the highest common factor of s and y?
2
Let m be (1*-10)/(4/(-6)). Calculate the highest common factor of 150 and m.
15
Suppose 32 = -3*j + 74. What is the greatest common factor of 2 and j?
2
Suppose 0 = 4*q - q - 6. Suppose 0*i + q*i - 28 = 0. Calculate the highest common divisor of 28 and i.
14
Let r be ((-8)/(-12))/((-12)/(-594)). Calculate the highest common factor of 3 and r.
3
Let m(x) = -6*x + 8. Let k be m(-3). What is the highest common factor of 156 and k?
26
Suppose 2*a + 2*a - 992 = 0. Calculate the greatest common factor of a and 31.
31
Let d be 74/4*90/(0 + 5). What is the greatest common factor of 37 and d?
37
Let m(o) = 5*o**3 + 1 - 3 - o**2 - 3*o - 4*o**3. Let t be m(3). Calculate the highest common divi